 common divisor of 1800 and 1314315?
45
What is the greatest common divisor of 1394665911 and 513?
513
Calculate the highest common factor of 2283631 and 65191.
973
What is the highest common factor of 1251419 and 23855?
13
What is the highest common factor of 14 and 2089171?
7
Calculate the greatest common factor of 37392 and 16659120.
1968
Calculate the greatest common divisor of 9358790 and 70.
70
What is the greatest common factor of 112713596 and 562?
562
What is the highest common factor of 3734 and 1727337198?
3734
Calculate the greatest common divisor of 2886060 and 103515.
1545
Calculate the highest common divisor of 1043375 and 291125.
2125
Calculate the highest common divisor of 6650 and 293398.
266
Calculate the highest common factor of 135305227 and 1688.
211
What is the highest common factor of 147 and 95209989?
147
Calculate the highest common factor of 97990 and 39770.
410
Calculate the highest common divisor of 713097 and 171.
9
Calculate the highest common divisor of 1254300 and 50285.
565
Calculate the greatest common divisor of 11623 and 967861.
197
What is the highest common divisor of 703646 and 3040?
38
What is the highest common divisor of 428393 and 2493054?
3221
What is the highest common divisor of 728906 and 5976?
166
Calculate the greatest common divisor of 22447320 and 210.
210
Calculate the greatest common factor of 24244740 and 65910.
5070
What is the greatest common factor of 28218078 and 23541?
399
Calculate the greatest common divisor of 1138711 and 104125.
833
Calculate the highest common factor of 11718 and 266042.
434
What is the highest common divisor of 8437900 and 300?
100
Calculate the highest common factor of 3474437590 and 260.
130
What is the highest common factor of 87342 and 1398?
6
What is the greatest common divisor of 443775 and 976?
61
Calculate the greatest common factor of 3259080 and 2925.
45
What is the highest common divisor of 1451223 and 675?
27
What is the highest common divisor of 9 and 65634147?
9
Calculate the highest common divisor of 123174386 and 7170.
478
Calculate the highest common factor of 91866 and 4037586.
1506
Calculate the highest common divisor of 19467 and 33819.
3
What is the highest common factor of 44 and 1252878?
22
Calculate the greatest common divisor of 10011 and 10768593.
141
Calculate the greatest common factor of 290827242 and 126.
18
Calculate the highest common factor of 2481037 and 8671.
377
Calculate the greatest common divisor of 123 and 210029429.
41
Calculate the highest common factor of 182 and 5965792.
14
What is the highest common divisor of 63 and 19157427?
9
What is the greatest common factor of 307 and 47513776?
307
Calculate the highest common factor of 22 and 22189637.
1
What is the highest common divisor of 1664 and 649744?
16
Calculate the highest common divisor of 25137007 and 49.
7
What is the highest common factor of 1194309 and 14346?
9
Calculate the highest common factor of 801781 and 26087.
19
Calculate the greatest common factor of 47011104 and 2688.
672
Calculate the highest common divisor of 164 and 1663547.
1
Calculate the greatest common divisor of 45371779 and 94.
47
Calculate the highest common factor of 28 and 10978142.
14
What is the highest common divisor of 28050 and 21405?
15
What is the greatest common factor of 1961325 and 6831?
207
What is the greatest common divisor of 116404120 and 56?
56
What is the highest common factor of 2779212100 and 2291?
2291
Calculate the highest common divisor of 19 and 1158553975.
19
Calculate the greatest common factor of 82198 and 175093.
563
What is the highest common divisor of 46745820 and 225?
45
What is the greatest common factor of 1680111 and 18?
9
Calculate the greatest common factor of 264 and 5713488.
264
Calculate the greatest common factor of 135 and 7106445.
45
What is the greatest common factor of 30247 and 4678135?
203
Calculate the highest common divisor of 141 and 3634387518.
141
What is the highest common factor of 143916 and 996672?
2148
Calculate the greatest common factor of 5971344 and 1116.
372
Calculate the highest common divisor of 759 and 417725.
11
What is the greatest common divisor of 90590680 and 71982?
2666
What is the highest common divisor of 3 and 6943889?
1
Calculate the highest common divisor of 12 and 67461558.
6
Calculate the greatest common factor of 3 and 2398043.
1
Calculate the greatest common divisor of 548694 and 28206.
18
Calculate the greatest common divisor of 2178 and 17208378.
2178
Calculate the greatest common divisor of 60736 and 59020208.
15184
Calculate the greatest common factor of 483 and 25792683.
483
Calculate the greatest common factor of 4045426 and 182.
14
What is the highest common factor of 1020 and 134658156?
204
Calculate the greatest common factor of 462 and 7846608.
462
What is the highest common factor of 18 and 797142?
6
Calculate the greatest common factor of 54634 and 15340.
118
Calculate the greatest common divisor of 1773 and 866209.
197
Calculate the highest common factor of 846357 and 5247.
159
Calculate the highest common factor of 988664 and 32.
8
What is the highest common divisor of 22707681 and 5925?
237
What is the highest common divisor of 160573 and 274477?
791
What is the greatest common factor of 548 and 22529924?
548
What is the greatest common divisor of 244871449 and 2356?
589
What is the greatest common factor of 39116388 and 1632?
204
Calculate the greatest common divisor of 116650225 and 1214.
607
What is the greatest common divisor of 51220794 and 83292?
3786
What is the greatest common divisor of 9290475 and 268470?
7065
What is the greatest common divisor of 610280113 and 7405?
1481
Calculate the highest common factor of 54005 and 8715.
35
What is the highest common factor of 25994 and 62766?
634
Calculate the greatest common factor of 1165600 and 85352.
376
What is the greatest common divisor of 90 and 878653845?
45
What is the highest common factor of 136713 and 29253?
597
What is the highest common factor of 1459063 and 19829?
251
Calculate the highest common factor of 23490 and 181743.
87
What is the highest common divisor of 125820 and 235330?
2330
Calculate the greatest common factor of 12 and 26832780.
12
Calculate the greatest common factor of 1945 and 15894929.
389
Calculate the greatest common divisor of 89415 and 1305.
45
Calculate the greatest common factor of 34195 and 38780.
35
What is the greatest common divisor of 242903 and 667?
23
Calculate the highest common factor of 4320 and 2845536.
96
What is the greatest common divisor of 158128831 and 686?
343
What is the highest common divisor of 218376 and 5175?
9
What is the highest common factor of 280506 and 954?
6
Calculate the highest common factor of 5142 and 146364459.
2571
What is the greatest common divisor of 151990653 and 5514?
2757
Calculate the greatest common divisor of 279233691 and 231.
33
Calculate the greatest common factor of 11603378 and 1849.
43
Calculate the highest common divisor of 1403370 and 15.
15
What is the greatest common divisor of 275 and 949861?
11
Calculate the highest common factor of 72051 and 41877.
141
What is the highest common divisor of 33893650 and 1350?
50
What is the greatest common factor of 434 and 5753042?
62
What is the greatest common divisor of 6597108184 and 8?
8
Calculate the highest common divisor of 62046837 and 4104.
513
Calculate the greatest common divisor of 22420 and 68204.
236
What is the greatest common divisor of 5599202 and 16856?
602
Calculate the greatest common factor of 60132 and 17076.
12
What is the greatest common divisor of 192856895 and 5145?
1715
What is the highest common divisor of 166 and 648238?
2
What is the greatest common divisor of 584 and 6127036?
292
Calculate the greatest common divisor of 14720 and 7734785.
115
What is the greatest common factor of 260 and 141004760?
260
Calculate the highest common divisor of 35862 and 1924938.
258
What is the highest common divisor of 143 and 2333507?
11
What is the greatest common divisor of 73161362 and 114?
38
What is the highest common divisor of 225 and 21702575?
25
Calculate the highest common divisor of 70398315 and 6435.
585
What is the greatest common factor of 4610795552 and 13024?
13024
What is the highes